reatest common divisor of 96120 and 16272.
72
Calculate the highest common divisor of 27275 and 25.
25
Calculate the greatest common divisor of 15592 and 100.
4
Calculate the greatest common divisor of 3283 and 4221.
469
Calculate the greatest common factor of 874975 and 5425.
775
Calculate the highest common divisor of 18462 and 1020.
102
What is the greatest common divisor of 17 and 603687?
17
Calculate the highest common divisor of 5736 and 11784.
24
Calculate the highest common factor of 1611 and 2547.
9
Calculate the greatest common factor of 63252 and 17319.
753
What is the highest common factor of 16771 and 248?
31
What is the greatest common factor of 684 and 504?
36
Calculate the highest common factor of 789 and 771.
3
What is the highest common divisor of 46 and 117760?
46
What is the greatest common factor of 1195402 and 2392?
598
Calculate the highest common divisor of 3600 and 12800.
400
What is the greatest common factor of 167921 and 1313?
13
Calculate the highest common factor of 22287 and 114.
57
What is the greatest common factor of 1309 and 76329?
11
Calculate the greatest common factor of 1310 and 950274.
262
What is the greatest common factor of 11285 and 34160?
305
Calculate the greatest common factor of 7968 and 58847.
83
Calculate the highest common divisor of 8579 and 5497.
23
Calculate the highest common divisor of 3318404 and 4.
4
Calculate the greatest common factor of 17800 and 200072.
712
What is the highest common factor of 349 and 357376?
349
What is the greatest common factor of 1690857 and 21?
21
Calculate the highest common divisor of 9417 and 9.
3
Calculate the greatest common factor of 392 and 5635.
49
Calculate the highest common divisor of 2923 and 407.
37
Calculate the greatest common factor of 11914 and 985458.
1702
Calculate the highest common divisor of 710 and 980510.
710
What is the greatest common factor of 260 and 6287775?
65
Calculate the greatest common factor of 124 and 4215566.
62
What is the highest common factor of 248 and 2309128?
248
What is the highest common factor of 240 and 104760?
120
What is the highest common factor of 554636 and 13772?
1252
Calculate the highest common divisor of 5 and 189280.
5
What is the greatest common divisor of 4509 and 81496?
167
Calculate the highest common divisor of 2231 and 2254.
23
Calculate the greatest common divisor of 7084 and 4186.
322
Calculate the highest common divisor of 143134 and 7316.
118
Calculate the greatest common factor of 2288 and 37664.
176
What is the greatest common divisor of 88 and 35530?
22
Calculate the highest common factor of 384 and 2714496.
384
What is the greatest common factor of 32649 and 45?
3
What is the greatest common divisor of 14607 and 9477?
27
Calculate the greatest common divisor of 3764320 and 3360.
1120
What is the highest common factor of 99217 and 141?
47
Calculate the highest common factor of 111793 and 11.
11
What is the highest common factor of 33117 and 627?
57
Calculate the highest common divisor of 144 and 878264.
8
What is the greatest common factor of 18193 and 69?
23
What is the greatest common factor of 3723 and 2208?
3
What is the highest common divisor of 200 and 354850?
50
Calculate the highest common divisor of 32550 and 272800.
1550
What is the greatest common factor of 16 and 121328?
16
What is the greatest common divisor of 2926 and 61600?
154
What is the greatest common divisor of 426 and 1010046?
426
What is the greatest common divisor of 14058 and 1584?
198
Calculate the highest common divisor of 3 and 5541.
3
Calculate the highest common factor of 119911 and 605.
121
Calculate the greatest common factor of 150 and 10425.
75
What is the highest common factor of 9592 and 24948?
44
Calculate the greatest common factor of 208803 and 336.
21
What is the greatest common divisor of 164 and 68?
4
What is the greatest common factor of 46 and 155986?
46
What is the highest common factor of 138348 and 2684?
244
What is the highest common divisor of 33668 and 209?
19
What is the greatest common divisor of 84513 and 572?
143
Calculate the highest common divisor of 410684 and 13612.
332
Calculate the highest common factor of 11538 and 33332.
1282
What is the highest common factor of 6205 and 41245?
365
What is the highest common divisor of 111870 and 1130?
1130
What is the highest common divisor of 84855 and 25?
5
What is the greatest common divisor of 1356 and 46884?
12
Calculate the highest common divisor of 379 and 1463319.
379
Calculate the highest common factor of 1392 and 320392.
232
Calculate the highest common divisor of 11912 and 16.
8
What is the highest common factor of 119877 and 186?
93
What is the highest common divisor of 1719015 and 30?
15
Calculate the highest common divisor of 236613 and 78.
39
What is the greatest common factor of 7795 and 35?
5
Calculate the highest common factor of 6 and 46680.
6
What is the greatest common divisor of 7456 and 488?
8
What is the highest common divisor of 11322 and 14994?
306
Calculate the greatest common divisor of 2300 and 37076.
92
What is the greatest common factor of 426220 and 1212?
404
Calculate the greatest common divisor of 15048 and 543096.
1368
Calculate the greatest common factor of 3715 and 135.
5
What is the highest common factor of 9 and 431829?
9
What is the greatest common divisor of 7113015 and 126?
63
Calculate the highest common factor of 3579448 and 19.
19
Calculate the highest common divisor of 7680 and 144120.
120
Calculate the greatest common factor of 3270 and 114.
6
Calculate the highest common factor of 3108 and 47838.
42
Calculate the highest common divisor of 52 and 24622.
26
What is the highest common divisor of 15561 and 11609?
247
Calculate the greatest common factor of 108 and 23076.
36
Calculate the highest common divisor of 189316 and 530.
106
Calculate the greatest common factor of 360 and 4248.
72
What is the highest common factor of 19085769 and 443?
443
Calculate the highest common divisor of 101748 and 5856.
732
What is the greatest common factor of 15 and 22890?
15
Calculate the highest common divisor of 117428 and 155.
31
Calculate the greatest common divisor of 712411 and 1876.
469
Calculate the highest common factor of 366 and 83631.
183
What is the highest common factor of 5 and 7757?
1
What is the greatest common divisor of 53140 and 80?
20
What is the highest common divisor of 686 and 29547?
49
What is the highest common factor of 52 and 341172?
52
What is the greatest common factor of 218474 and 1878?
626
What is the greatest common factor of 152290 and 9700?
970
Calculate the greatest common factor of 1869705 and 45.
45
What is the greatest common factor of 28331 and 1066?
41
Calculate the highest common divisor of 20498 and 1369.
37
What is the highest common divisor of 23162 and 74?
74
Calculate the greatest common factor of 505 and 3242605.
505
Calculate the highest common factor of 20280 and 35.
5
What is the greatest common divisor of 1323 and 8967?
147
What is the greatest common divisor of 14308 and 6?
2
Calculate the highest common factor of 20740 and 460.
20
What is the highest common divisor of 80 and 1605?
5
What is the greatest common divisor of 87744 and 384?
192
What is the highest common divisor of 2184 and 11382?
42
Calculate the highest common factor of 332 and 812.
4
Calculate the greatest common factor of 20152 and 1374.
458
Calculate the greatest common factor of 27 and 736.
1
What is the greatest common divisor of 435998 and 7756?
554
What is the greatest common divisor of 112 and 11214?
14
What is the highest common divisor of 104 and 79196?
52
What is the greatest common factor of 156 and 132?
12
What is the greatest common divisor of 1142295 and 315?
105
What is the greatest common divisor of 246039 and 3?
3
What is the greatest common factor of 68 and 2428?
4
What is the highest common factor of 13671776 and 32?
32
What is the highest common factor of 5219 and 289?
17
Calculate the greatest common divisor of 15 and 150540.
15
Calculate the greatest common divisor of 311168 and 88.
88
Calculate the highest common divisor of 24 and 323186.
2
What is the highest common divisor of 135 and 460575?
45
Calculate the greatest common factor of 10 and 20223400.
10
Calculate the gre